-9*t + 22. Let u(v) = 1. Let l(s) = f(s) + 6*u(s). Calculate the remainder when 112 is divided by l(2).
2
Calculate the remainder when (-4 - -1 - -2)/(3/(-303)) is divided by 468/28 + (4/14)/1.
16
Let s(v) = -7*v + 1. Let o(d) = d - 22 + 58 - 18 - 19. Let b(k) = 6*o(k) + 3*s(k). Calculate the remainder when 57 is divided by b(-1).
9
Let z = 161 + 9. Suppose 2*b - z = 2*l, -5*b = l - 2*l - 433. What is the remainder when b is divided by 31?
25
Let w(m) = m**3 - 8*m**2 + 2*m + 40. What is the remainder when 17 is divided by w(7)?
2
Let f = 19491 - 19383. Calculate the remainder when 116 is divided by f.
8
Suppose 10*t + 17 - 47 = 0. Suppose -9 = -3*u + t*j, -3*u + 24 = -16*j + 18*j. Calculate the remainder when 71 is divided by u.
5
Suppose 4*x = 4*d - 4, 1 - 5 = -4*x. Suppose -2*o - 2*q = -28, -q = -0 - d. Calculate the remainder when o is divided by 8 - (-3 - (-9)/3).
4
Let p be (-116)/(-14) + (-16)/56. Suppose p*i - 7*i + 46 = 0. Let q = -28 - i. What is the remainder when 32 is divided by q?
14
Suppose -15*t + 14*t + 4*x = 22, 0 = -t - 3*x + 34. What is the remainder when 366 is divided by t?
6
Let l(w) = -w**2 - 42*w - 9. Let i be l(-10). Suppose 2*f = 5*u - i, 4*u - 3*f = 2*u + 131. Calculate the remainder when u is divided by 16.
13
Suppose 651 - 603 = 4*x. Calculate the remainder when ((-688)/64)/((-3)/x) is divided by 19.
5
Suppose 3*z - 834 = 4*i, -5*z - i = -4*z - 285. What is the remainder when z is divided by 17?
10
Suppose 0 = 9*p - 102 - 276. Suppose p*w - 3213 = 33*w. What is the remainder when w is divided by 72?
69
Let b(u) = 15*u - 34. Let l(w) = -8*w + 18. Let p(a) = 3*b(a) + 5*l(a). Let y be p(3). What is the remainder when (-7 - -6) + y + 129 is divided by 19?
17
Suppose -167*p + 6146 = -153*p. Let j(w) = -10*w + 14. Calculate the remainder when p is divided by j(-2).
31
Suppose -227*v + 237*v = 150. Suppose -300 = -5*r - 5*c, 5*c - 69 + 233 = 3*r. Calculate the remainder when r is divided by v.
13
Let v = 407 + -492. What is the remainder when (-1 + 2)*-1*(6 + v) is divided by 10?
9
Suppose 44*n = 31064 + 81004. What is the remainder when n is divided by 75?
72
Let w = 10203 + -10200. Let n(f) = f**2 - 2*f + 5. Calculate the remainder when n(6) is divided by w.
2
Suppose 6*l - 10*l + 4*o = 32, 2*l + 3*o + 31 = 0. Calculate the remainder when 2/7 - (23760/84)/l is divided by 6.
2
Suppose -3*t + 18 = -12. Calculate the remainder when (-74*(-6)/4)/(81/(53 - 26)) is divided by t.
7
Suppose 19*t - 29943 = 10*t. Calculate the remainder when t is divided by 111.
108
Suppose 114 - 310 = 14*k. What is the remainder when 33 is divided by 35/k*(-132)/15?
11
Let a = -22 + 27. Let v(z) = -6*z + 19. Let u(k) = k - 1. Let p(i) = 4*u(i) + v(i). Calculate the remainder when p(a) is divided by 3.
2
Calculate the remainder when 963 is divided by ((-11)/33)/(52/(-65832)).
119
Let r = 4794 + -4786. Calculate the remainder when 3205 is divided by r.
5
Suppose 3*s + 80 = -5*s. Let r be s/15*(-99)/6. Suppose 0 = -9*y + r*y - 64. What is the remainder when 62 is divided by y?
30
Let d(j) = -j**3 - 38*j**2 - 54*j - 615. What is the remainder when 111 is divided by d(-37)?
13
Suppose 41*r - 4662 = -562. Calculate the remainder when 1094 is divided by r.
94
Let f = 220 + -191. Calculate the remainder when f/1 + (-24)/16*2 is divided by 15.
11
Suppose 153 = 58*a - 75*a. Let h(o) = o**2 + 19*o + 115. Calculate the remainder when h(a) is divided by ((-5)/2 - 2)*-2.
7
Suppose 3*f - 7*f = -20, 0 = 5*l + 4*f - 85. Let i be 21/(1 - 4)*-3. What is the remainder when l is divided by ((-18)/(-3))/(i/14)?
1
What is the remainder when 522 is divided by (-185 - -425) + (-1 - -15)?
14
Let g(s) = 4*s - 18. Let d be g(5). Suppose -a - d = -l + 89, 2*l - 3*a = 178. Calculate the remainder when l is divided by 12.
11
Let p be (-2)/2*(0 + 0). Suppose t - 3*t + 12 = p. Suppose -19*d - 56*d = -3975. What is the remainder when d is divided by t?
5
What is the remainder when 1636 is divided by ((-2)/14)/((-134)/(-3283))*-4?
12
Let p(a) = -a**3 - a + 11. Calculate the remainder when ((-34)/4)/(4*(-1)/72) is divided by p(0).
10
Let i be -9 + 1104/80 - (-1)/5. Suppose 0 = -y - i*k + 8*k + 10, -5*k + 57 = 4*y. What is the remainder when 321 is divided by y?
9
Let j(g) = g**3 + 4*g**2 - 4*g - 9. Let q = 894 + -780. Calculate the remainder when q is divided by j(-3).
6
Let i be -1*0*5/10. Suppose -3*c - 2*k = -i*k - 17, 0 = -c - 3*k + 15. Suppose -c*b + 108 = -0*b. What is the remainder when b is divided by 19?
17
Suppose -4*t + 87 = -65. Suppose 36*k = t*k - 8. What is the remainder when 27 is divided by -4 + k - 5/(20/(-44))?
5
Suppose 170*o - 162*o + 64 = 0. What is the remainder when (220/(-8))/(4/o) is divided by 19?
17
Let d be (-1)/(-1) - (-638)/2. Let i = -306 + d. What is the remainder when 194 is divided by i?
12
Let i = -710 + 960. What is the remainder when i is divided by 75?
25
Suppose -52012 = -51*j - 78*j + 143552. What is the remainder when j is divided by 23?
21
Let r(o) = -27*o - 2552. Calculate the remainder when 4366 is divided by r(-95).
11
Suppose -79 = -3*o - 4*h, 0 = -13*o + 9*o - 5*h + 105. Let t = -21 + o. Suppose 0*z - 10 = -z. What is the remainder when z is divided by t?
2
Suppose -916 - 746 = -53*m + 1465. What is the remainder when 524 is divided by m?
52
Suppose 38*p - 109168 = -12762. Calculate the remainder when p is divided by 141.
140
Let p be 3 + (2 - (2 - 137)). Suppose 2*x = -48 + p. What is the remainder when x is divided by 30?
16
Let x be (-3774)/(-26) - -2 - 14/91. Suppose -5*g = n - x, g - 35 = -0*g - 3*n. Let r(b) = -6*b - 15. What is the remainder when g is divided by r(-5)?
14
Calculate the remainder when 1/((26/2098)/13) is divided by 75.
74
Suppose 0 = 3*n + 4*z + 16 + 139, -5*n = -3*z + 239. Let p = n + 77. Let l(y) = 7*y**2 - 5*y + 14. What is the remainder when l(4) is divided by p?
22
Let j = 25 - -17. Calculate the remainder when j is divided by (-3 - -1)/((-10)/55).
9
Suppose -95 = -5*u - 35. What is the remainder when 48 + 45/9 + -6 is divided by u?
11
What is the remainder when 127/1 - (-92 - -115) is divided by 21?
20
Suppose 2997 = 8*t + 2493. Calculate the remainder when 299 is divided by t.
47
Let p(r) = -63*r - 10206. Calculate the remainder when p(-164) is divided by 15.
6
Suppose 0 = 21229*q - 21210*q - 4522. What is the remainder when q is divided by 5?
3
Suppose 1 + 3 = s. Suppose 4*g - 2*z - 2 = 0, z + 5 = s. Suppose 43*j - 38*j - 350 = g. Calculate the remainder when j is divided by 16.
6
Suppose 46*f - 256 = 94*f - 50*f. Calculate the remainder when f is divided by 35.
23
Suppose 0 = 2*p, -p = -q + 3*p + 127. Let k = 462 - 184. Suppose -k = -5*c + q. What is the remainder when c is divided by 41?
40
What is the remainder when (-19)/((-323)/4675) + 4/2 is divided by 28?
25
Let k be -8*((81/(-6))/(-9))/(-1). Let h(v) = 2*v**2 - 17*v + 4. Calculate the remainder when h(k) is divided by 38.
12
Suppose -26*p + 212 = 49 - 19. Suppose 114 = 6*u - 3*u. Calculate the remainder when u is divided by p.
3
Suppose 30 = a - 5*o, -a - 51*o + 66 = -50*o. Calculate the remainder when 579 is divided by a.
39
Let s(v) = -196*v + 1. Let q(k) = -k**2 + 12*k + 23. Calculate the remainder when s(-1) is divided by q(9).
47
Suppose -8*t = -29 - 99. Let j be (-12)/(-4 - -3) - -1. Suppose 0 = -w + t + j. What is the remainder when 54 is divided by w?
25
Suppose -3*q - 12*q + 855 = 0. Suppose -3*l + 9 = 0, -5*y + 5*l + q = -y. What is the remainder when 32 is divided by y?
14
Suppose 4*c = 28, -1073 - 1094 = -2*n - c. Calculate the remainder when n is divided by 5.
0
Let w be (-1140)/(-18) - 2/(-3). Let t = -21 + w. What is the remainder when 91 is divided by (t + 7 + -3)*2/2?
44
Let j(p) = -p - 54*p**3 - 31*p**2 + 30*p**2 - 4*p**3. Let d be -2 + 1 + (1 - (-2 - -3)). Calculate the remainder when j(d) is divided by 15.
13
Let p = -173 - -177. Let k(f) = 2*f**3 - 4*f**2 + f - 6. Suppose 0 = -22*h + 17*h + 15. Calculate the remainder when k(h) is divided by p.
3
Suppose 4*u - u = 4*u. Suppose t + n = 2, -4*t - 5*n = -u*n - 6. Suppose -t*d + 38 = -3*j + 117, 0 = -5*d - 5. What is the remainder when j is divided by 9?
7
What is the remainder when (-54519)/34*(4/(-28) - 11/21) is divided by 71?
4
Calculate the remainder when 1144/(-28)*-2